q(k) = 5*k - 5. Let t be q(1). Suppose t*y - 239 = 2*z - 3*y, -3 = -3*y. Let u = z + 220. What is the units digit of u?
2
Let r = -8525 - -11184. What is the thousands digit of r?
2
Let d be ((-2)/3)/((-2)/(-9)). What is the units digit of (-183)/(-4)*(-8)/d?
2
Suppose x + 3 = 6. Suppose 0 = -5*h + 5*f + 10, -x*h - 2*f = -f - 6. What is the tens digit of (h/(-3))/((-3864)/(-774) - 5)?
8
Let z = 7232 - 3109. What is the thousands digit of z?
4
Suppose 20*q - 198088 = 78772. What is the units digit of q?
3
Let p = 48 - 53. Let f be p/(-30) - 82/(-12). Suppose -u = -f*x + 2*x - 78, 2*x - 268 = -4*u. What is the units digit of u?
8
Let x(z) = 35*z**2 + 36*z - 20. Let a be x(11). Suppose 6*c = a + 2343. What is the units digit of c?
9
Let z be 18 - (4 + (-15)/(-5)). What is the tens digit of (-8)/6*z/(77/(-2142))?
0
Let q(r) = -r**2 - 13*r + 16. Let h be q(-14). Suppose c + 5*f - 13 = 0, h*c - 13 = -0*f + 3*f. Suppose -c*d + 512 = -4*d. What is the units digit of d?
8
Let t(q) = 380*q - 55 - 204*q - 196*q. What is the units digit of t(-5)?
5
Suppose h - 2*m = -1 + 7, 0 = 2*h + 2*m - 12. Suppose -6*b - h = -9*b. Suppose -p - 65 = -b*p + 3*w, 2*p - w - 155 = 0. What is the units digit of p?
0
Let v = -25586 + 46833. What is the ten thousands digit of v?
2
Let g(p) = 0*p**2 - 6*p**2 + 12*p - 3*p**2 + 4*p - 42 + p**3 - 10*p**2. What is the hundreds digit of g(19)?
2
Suppose 22 = 2*b + 34. Let r(c) = -5*c**3 - c**2 + c - 14. Let l be r(b). Suppose -30*f + 22*f = -l. What is the hundreds digit of f?
1
Suppose 126016 = 36*n - 26192. What is the hundreds digit of n?
2
What is the hundreds digit of 252/(-210) - (1/10)/(2/(-154004))?
6
Let j(h) = -12 + 14 + h - 1 - 2*h. Let i be j(2). Let s(d) = -99*d + 2. What is the hundreds digit of s(i)?
1
Suppose 4*p = 12*p - 64. Let d be (p/6)/(6/54). Suppose d*l = 19*l - 819. What is the hundreds digit of l?
1
What is the hundreds digit of ((-3564)/55 - 9)*(-60)/9?
4
Let i(c) = c + 21. Let o be i(-12). Suppose -o*d = -14*d + 190. What is the units digit of d?
8
Suppose 898088 = 47*l - 1880408 + 431739. What is the hundreds digit of l?
9
Let s = -110011 + 169636. What is the ten thousands digit of s?
5
Let r(j) be the third derivative of -71*j**4/24 - 2*j**3/3 + 49*j**2. What is the tens digit of r(-1)?
6
Suppose 19*j - 641 = 18*j + 3*g, -4*g = -5*j + 3172. Let v = -247 + j. What is the hundreds digit of v?
3
What is the thousands digit of (-1930 + -6 + -21)*-6*(0 - -1)?
1
Let z be (15/(-6))/(9/(-11916)). Suppose 15*c - 10*c - z = 0. What is the hundreds digit of c?
6
Suppose -245300 = -3*d + w - 42902, 2*d = -4*w + 134932. What is the hundreds digit of d?
4
Suppose -5*k - 358867 = 10*k - 986797. What is the thousands digit of k?
1
Suppose 5*f = -0*s - s - 42, 33 = -4*f - s. Let u be 333 + f/3 - -4. Suppose -954 = -4*w + 2*b, 2*w + 4*b - 148 = u. What is the hundreds digit of w?
2
Let d be 2/(-2)*(-1 - -170). Let y be (d/(-2))/((-105)/108 - -1). Suppose -y = -3*a - 15*a. What is the units digit of a?
9
Suppose -22462 = -7*z + 34616. What is the hundreds digit of z?
1
Let i = 25694 + -16965. What is the tens digit of i?
2
Suppose -8375*w + 8366*w = -5742. What is the tens digit of w?
3
Let s be 40/(-3)*3750/(-40). Let i = -705 + s. What is the hundreds digit of i?
5
Suppose 0 = 3*l - 9888 - 9966. What is the thousands digit of l?
6
Suppose 15*x = -4*m + 13*x + 6332, 0 = 3*m + 2*x - 4747. Let l = -427 + m. What is the hundreds digit of l?
1
Let q(m) = 19*m - 96. Let j be q(-39). Let p = 91 - j. What is the units digit of p?
8
Let k be ((-4)/10)/((-3)/270). Suppose -24*g + 21*g = -k. Suppose 14*f - 280 = g*f. What is the tens digit of f?
4
Suppose 13*m + 7*m = 100. What is the tens digit of ((1 - m) + 2)/(4/(-1972))?
8
Let o(x) = -5*x - 30. Let w(v) be the second derivative of v**2/2 - 12*v. Let z(d) = -o(d) + 6*w(d). What is the tens digit of z(10)?
8
Suppose 0 = -0*n - 16*n - 1600. What is the units digit of (1775/n)/(1/(-56))?
4
Let r be (7/(-14))/(2/136). Let x = 37 + r. Suppose -3*f - 2*y + 89 + 81 = 0, -x*f + 2*y + 166 = 0. What is the tens digit of f?
5
Suppose -2*p + 6*p = 4*t - 720, 4*t = -4*p + 760. Suppose 87 = 4*q - t. Suppose c - q = g, g - 3 = -1. What is the tens digit of c?
7
Let h(b) = -292*b - 1009. What is the units digit of h(-18)?
7
Let q(v) = 49*v - 20*v - 31 + 19*v. What is the tens digit of q(4)?
6
Let v(s) = 46*s - 78. Suppose 5*l - 14*i - 21 = -18*i, -3*l + 5*i + 20 = 0. What is the tens digit of v(l)?
5
Suppose 0 = -7*x + 21139 + 8555. Suppose -12*l - 846 = -x. Let h = l - 2. What is the units digit of h?
1
Let v(m) = -m**2 + 30*m + 25. Let s be v(30). Let r = s + 126. What is the units digit of r?
1
Suppose -674293 = -124*c - 217361 + 1298412. What is the units digit of c?
6
What is the hundreds digit of (-72)/(-90) + 455305/25?
2
Let y be (0 - 5)*(1 - 5). Suppose 0 = 3*a + d - y, 4*a - 26 = -0*a - d. Suppose -r + 374 = -2*n + a*n, -r + 95 = n. What is the tens digit of n?
9
Let k(n) = -n**2 + 14*n + 19. Let t be k(15). Suppose 5*x - 3*x = t. Suppose 5*u = -3*b + 118, -75 = -3*b + x*u + 71. What is the tens digit of b?
4
Let v(c) = c**2 + 22*c - 75. Let u be (2 - (-1 - 1))*35/(-4). What is the tens digit of v(u)?
8
Let t(d) = -5*d**2 - 3*d. Let u be t(-2). Let c = u + 16. Suppose -2*q + 100 = -2*j, c*j - 3*j + 4 = 0. What is the units digit of q?
4
Let t(z) = -2*z**3 - 3*z**2 + z - 38. Let o be t(4). Let s = o - -358. What is the hundreds digit of s?
1
Suppose -10128 = 30*i - 73*i + 31*i. What is the hundreds digit of i?
8
Suppose 11027 + 18945 = 4*s. What is the hundreds digit of s?
4
Let v(q) = 2*q**3 - 2*q + 56. Let t be v(0). What is the units digit of (-55)/(-4) + 14/t?
4
Let d be -212*(0 - 1)/2. Let z = -51 - -7. Let w = z + d. What is the tens digit of w?
6
Suppose 4*w + 0*v = -2*v + 114448, 4*v - 57212 = -2*w. What is the hundreds digit of w?
6
Suppose -4*t = 2*y - 2216, t + 152*y - 157*y - 543 = 0. What is the hundreds digit of t?
5
Suppose 5*m = i + 29, -3*m + 21*i + 15 = 18*i. Let f(r) = -174*r. Let n be f(-1). Suppose -m*s = n - 582. What is the tens digit of s?
6
Let t be (5 - 8)*1 + -15*1. What is the tens digit of (-7008)/(-9)*t/(-12)?
6
Let a(u) = -u**3 + 8*u**3 + 3*u**2 + 8*u**3 + 2*u - 16*u**3. Let w be 2 - (-3 + 5)/(-2). What is the units digit of a(w)?
6
What is the ten thousands digit of -4 + 2 + 257320/14 + (10 - 16)?
1
What is the units digit of (5667/(-4))/((-628)/48 - -13)?
1
Let o(k) be the first derivative of -k**2/2 + 15*k - 6. Let d be o(15). Suppose 0*y - 3*y + 4*p + 158 = d, 2*y - 117 = 5*p. What is the units digit of y?
6
Suppose 892*n - 896*n + 35576 = 0. What is the tens digit of n?
9
Let c(a) = a**3 + 128*a**2 - 240*a - 675. What is the hundreds digit of c(-129)?
6
Let t = 3968 - -458. What is the tens digit of t?
2
Let i = 254 + -250. Let m be 3 - (-2)/((-4)/(-2)). Suppose m*d = -0*d - 2*z + 102, d - i*z - 12 = 0. What is the tens digit of d?
2
Let v(r) = -6*r + 22. Let f = 17 + -22. Let m be (f - -18)*(-2 - (-2 + 1)). What is the tens digit of v(m)?
0
Let x(b) = b**3 + 15*b**2 - 6*b + 19361. What is the tens digit of x(0)?
6
Suppose 0 = -0*l + 4*l + 3*g - 35, -3*l = -3*g. Suppose 3*v = 6, -2*b - 75 = l*v - 355. Let w = 284 - b. What is the hundreds digit of w?
1
Let f(x) = 1009*x**2 - 256*x - 33. What is the tens digit of f(-8)?
9
Suppose 3*s = 46*t - 43*t - 13731, 4*t - 3*s = 18308. What is the thousands digit of t?
4
Let w(r) = -3*r + 4. Let a be (4 - (2 + 1))*0. Let j be w(a). Suppose 3*b + 18 = 7*d - 5*d, 3*b = j*d - 48. What is the tens digit of d?
1
Let p(a) = 10*a - 150. Let b be p(21). Let k = b - -552. What is the tens digit of k?
1
Let f(x) = 23*x**3 - 5*x**2 - 32*x + 141. What is the units digit of f(8)?
1
Let v(q) = 5*q**2 - 6*q - 1. Let b be (-77)/(-33) + 4/6. Let f be v(b). What is the units digit of (-4)/f - 205/(-65)?
3
Let j(d) = -73*d. Suppose -x + 4*l = -15, -x + 5*l = 2*x - 10. What is the units digit of j(x)?
5
Let s = -233 + -293. Let l = s - -1370. What is the units digit of l?
4
Let q(d) = -5*d**2 - 55*d + 1. Let o be q(-6). Let x = 223 - o. What is the units digit of x?
2
Let a(d) be the first derivative of 17*d**3 - 2*d**2 + 2*d + 4. Let l be ((-6)/9)/(3/(-9)). What is the units digit of a(l)?
8
Let n be 34/51 - (-32)/(-3). Let